1 = -2*g + 3*g + k, 2*g - 14 = 2*k. What is the remainder when h is divided by g?
2
Let l be -2 + (-4)/(-1) + -4. Calculate the remainder when (60/18)/(l/(-12)) is divided by 11.
9
Suppose 0 = -5*u + 5*k + 130, 21 = 2*u - u + 4*k. Suppose -j - 4*j + 365 = 0. Calculate the remainder when j is divided by u.
23
Let z(c) = c**3 + 13*c**2 - 15*c + 1. What is the remainder when 57 is divided by z(-14)?
12
Let s(k) = -k**3 - 10*k**2 - k + 3. What is the remainder when 38 is divided by s(-10)?
12
Let h(j) = -4*j + 5. Let a(p) be the first derivative of p**4/4 - 7*p**3/3 + 7*p**2/2 + 7*p - 2. What is the remainder when h(-8) is divided by a(6)?
11
Let z be 4 + 1*(-2 + 1). Let k = 6 - z. Let s(o) = -o + 12. Calculate the remainder when s(5) is divided by k.
1
Let l(t) = -t**3 - 3*t**2 - 4*t - 2. Let u be l(-2). Suppose 52 = u*n + m, 3*n - 4*m + 19 = 4*n. Calculate the remainder when n is divided by 7.
6
Calculate the remainder when (45 - -1)*1 + 0 is divided by 24.
22
Let y be 10/6 + (-2)/3. Let l = y + 5. Calculate the remainder when 21 is divided by l.
3
Suppose 2*d + 3*d = 5*w + 505, 0 = -3*w - 12. Calculate the remainder when d is divided by 20.
17
Let j = -6 - 3. What is the remainder when (-3)/j + 692/12 is divided by 30?
28
Suppose -o - 4*o + 55 = 0. Calculate the remainder when 30 is divided by o.
8
Suppose 3*h = 25 - 10. Suppose -h*g - 2*w + 14 = 0, 2*g + w - 23 = 6*w. Let a = 4 + 7. What is the remainder when a is divided by g?
3
Let d = 123 - 240. Let h = -65 - d. What is the remainder when h is divided by 22 - (1 - -1) - 2?
16
Let b = 9 - 5. Let n(g) = g**2 + 5*g + 3. What is the remainder when n(-6) is divided by b?
1
Let i = -8 - -26. Let g = 6 + -4. Suppose 0*z + g*z = 104. What is the remainder when z is divided by i?
16
Let i = 22 + -10. Let d = i - 1. Calculate the remainder when 21 is divided by d.
10
Calculate the remainder when 57 - (2 - 0 - 1) is divided by 10.
6
Let l(r) = r**3 + 7*r**2 - 2*r + 6. Suppose -4*b - 5 = -3*b. Let h = -12 - b. Calculate the remainder when 39 is divided by l(h).
19
Suppose b + 3*b - 60 = 0. Let u = b - 2. Calculate the remainder when 49 is divided by u.
10
Let y(r) = 4*r**2 - 5*r - 4. What is the remainder when 67 is divided by y(3)?
16
Let i(k) = 4*k - 1. Suppose -4*c + 62 = -2*m, -m - 65 = -4*c + 2*m. Let l = 20 - c. What is the remainder when i(l) is divided by 8?
7
Let m(z) = -z**3 + 11*z**2 - 8*z + 11. Let t be m(9). Suppose -5*d = 4*g - t, 0*g = -3*d - 5*g + 58. What is the remainder when d is divided by 11?
10
Let f(n) = 2*n - 2. Let z = -15 - -18. Suppose -t + 3*h = -5 + z, t - 5 = 2*h. What is the remainder when t is divided by f(4)?
5
Let a(r) = r + 6. Let o be a(-5). Let i(u) = 21*u**3 + u. Suppose -3 = -v - 9*b + 4*b, 4*v = -2*b + 30. Calculate the remainder when i(o) is divided by v.
6
Suppose 0 = 3*t + 15, 4*t + 114 = 5*b + 29. Let z(d) = d**2 + 2*d. Calculate the remainder when z(-6) is divided by b.
11
Let m be 0 + -1 - (-1 - -44). Let g be 6/(-15) - m/10. Suppose 4*i - g*b - 68 = 0, -4*i + 9*i - 55 = -5*b. What is the remainder when i is divided by 8?
6
Let c(f) = -392*f. Let o be c(-1). Let a be ((-12)/(-8))/((-6)/o). Let z = -58 - a. Calculate the remainder when z is divided by 14.
12
Let v(i) = 9*i + 17. What is the remainder when v(5) is divided by 11?
7
What is the remainder when 9 is divided by ((-20)/(-15))/((-4)/(-18))?
3
Let s(r) = -r**2 - 9*r + 12. What is the remainder when 20 is divided by s(-9)?
8
Let a = -5 - -26. What is the remainder when 60 is divided by a?
18
Let l be (0 + 3)/((-3)/(-47)). Suppose 0 = -2*w + l + 1. What is the remainder when 95 is divided by w?
23
Let w = -48 + 97. Suppose -w + 1 = -4*j. What is the remainder when 33 is divided by j?
9
Let y(v) = -v + 12. Let h be y(11). Suppose -d + 5 = h, -5*d - 6 = 2*t. What is the remainder when (t/(-2))/((-3)/(-6)) is divided by 4?
1
Suppose 2*b - 19 = 3*u + 128, 267 = 4*b + 3*u. Let s = 108 - b. Calculate the remainder when s is divided by 10.
9
Suppose 7*u - 185 = 2*u. Suppose -2*p = -p + 24. Let w = p + u. Calculate the remainder when w is divided by 7.
6
Let f(o) = 2*o + 5 + 17*o**2 - 4*o**2 - 1 - 2. Let d(y) = -y**3 - 11*y**2 - 12*y - 7. What is the remainder when f(-2) is divided by d(-10)?
11
Suppose -86 = 3*d - 2*o, -d + o - 29 = -0*d. Let n = d + 49. Let t = 21 + -10. Calculate the remainder when n is divided by t.
10
Suppose 0 = 2*z + 2*s - 72, 0*s = 5*s - 25. Calculate the remainder when z is divided by 16.
15
Let d = 30 + 1. Let n = d - -4. What is the remainder when n is divided by 9?
8
Suppose -2*b + 2 = -b. Suppose -b*v + 10 = -74. Suppose v = 2*x + 14. What is the remainder when 27 is divided by x?
13
Let s = 18 - 13. Let u = s - 2. Calculate the remainder when 3 is divided by u.
0
Let a = 87 + -53. Calculate the remainder when 167 is divided by a.
31
Let u = 2 - -2. Let l = u - -10. Calculate the remainder when 41 is divided by l.
13
Let i(k) = 4*k + 3. Let b = -5 + 3. Let t be i(b). Let o = t + 10. What is the remainder when 14 is divided by o?
4
Suppose 70 = 5*q + 2*b + 5, q = -4*b - 5. What is the remainder when 2/6 + 131/3 is divided by q?
14
Suppose 0 = -4*a - 3*w + 122, a - 2*w + 6*w = 24. Calculate the remainder when 93 is divided by a.
29
Let k = -11 + 7. Let r = k + 14. Calculate the remainder when r is divided by 6.
4
Let q = 53 + -48. Calculate the remainder when 24 is divided by q.
4
Let x = 10 - 5. Suppose x*k = 116 - 11. Suppose 0 = -3*w + 4*b + k, 3*w - 3*b - 1 - 17 = 0. What is the remainder when 4 is divided by w?
1
Suppose -o - 70 = -6*o. What is the remainder when 18 is divided by o?
4
Let i = 10 - 4. Suppose i*g - g - 3*t = 0, -2*g = -2*t + 4. What is the remainder when 7 is divided by g?
1
Let b(n) = n**3 + 21*n**2 + 31*n + 26. Calculate the remainder when b(-19) is divided by 10.
9
Let r(s) = -7*s. Suppose 0 = 4*y + 234 - 54. Let q = -19 - y. Calculate the remainder when q is divided by r(-2).
12
Suppose 2*m = 4*m + 206. Let d = m + 154. What is the remainder when d is divided by 13?
12
Suppose 0 = 4*l + 377 - 1129. Calculate the remainder when l is divided by 16.
12
What is the remainder when 58/(-6)*(1 - 4) - -1 is divided by 9?
3
Let i = 47 + -34. Let c = 4 - 4. What is the remainder when c/(-1) - -2*12 is divided by i?
11
Suppose -14 = -2*g - 3*u, 5*g + 3*u = -0*u + 44. Calculate the remainder when 38 is divided by g.
8
Let b = 7 + -5. Let a be 2/(-5) - (-2)/5. Suppose a = b*m - 5*m + 3. Calculate the remainder when 2 is divided by m.
0
Let q = -23 - -28. Let u(t) = -6*t + 1. Let n(x) = -2*x + 1. Let p be n(1). Calculate the remainder when u(p) is divided by q.
2
Suppose 2 + 0 = b. Suppose 18 = 2*h + 4*k, 4*h - 6*k + 3 = -k. Suppose -5*u - 5*p = -20, -16 = -u - h*u + 3*p. Calculate the remainder when u is divided by b.
0
Let y(l) = -l**2 - l. Let f be y(0). Let c = -1 - f. Let w(r) = -8*r - 1. What is the remainder when 12 is divided by w(c)?
5
Suppose -3*w = -55 - 23. What is the remainder when 103 is divided by w?
25
Suppose 0 = -4*i - 2*h + 184, 4*i - i - 138 = -4*h. What is the remainder when i is divided by 12?
10
Let g = -113 - -174. Suppose 0 = 4*t + y - g, 4*t - 5*y - 59 + 4 = 0. Let j = -9 + t. What is the remainder when 10 is divided by j?
4
Suppose -32 = -4*l + 56. What is the remainder when 153 is divided by l?
21
Suppose -6 - 10 = -c. What is the remainder when c is divided by 7?
2
Suppose 4*a - a + 18 = 0. Suppose -772 = 3*c + 5*f, 2*c + 5*f + 150 + 368 = 0. Calculate the remainder when c/(-4) + a/(-4) is divided by 17.
14
Let r be -15*(-2 + 2 + -1). Suppose -6*z = -z - r. Let w = -6 - -8. Calculate the remainder when z is divided by w.
1
Let z = 14 - 9. Let p(t) be the second derivative of -t**4/12 + 2*t**3/3 + 3*t**2/2 - 2*t. Calculate the remainder when z is divided by p(4).
2
Suppose 0 = 4*t - k - 17, -t + 4*k = -5*t + 12. What is the remainder when 25 is divided by t?
1
Let j be 57/9 - 4/(-6). Let i(r) = -4*r + 12. Let y(b) = -1. Let p(o) = -i(o) - 3*y(o). What is the remainder when 36 is divided by p(j)?
17
Suppose -z + 3*w = -68, -2*w + 307 = 5*z - 6*w. Let b = -28 + z. Calculate the remainder when b is divided by 16.
15
Calculate the remainder when (-49)/2*(1 + -3) is divided by 10.
9
Let l(g) = -g**3 + 5*g**2 + 3*g - 6. Let x(c) = c**2 - 5*c + 